0, -3 = -n + 2*k - k. Suppose -n*c = -0*c - o. What are the prime factors of c?
71
Let d(q) = -q**3 - 6*q**2 + 3*q + 17. Let i be d(-8). Suppose 2*a = 5*y - 148, 1 = 4*y + 2*a - i. What are the prime factors of y?
2, 3, 5
Let i = 2828 - -361. What are the prime factors of i?
3, 1063
Suppose 4*x - 286 = -78. Suppose 0 = x*h - 28*h - 18744. List the prime factors of h.
11, 71
Suppose 2*c = -3*i + 17, -3*c - c + 3*i = -79. Let g = -16 + c. What are the prime factors of 27/5 - (g - 6/(-15))?
5
What are the prime factors of 35/5 + -3 - (-2 + 3)*-5853?
5857
Suppose 5*q - 14*r - 17843 = -18*r, -4*q + r + 14287 = 0. What are the prime factors of q?
3571
Suppose -216*a + 687313 + 1499255 = 0. What are the prime factors of a?
53, 191
Let c(f) = 29*f**2 + f - 24. Let n(r) = 3*r**2 + 6*r - 4. Let t be n(1). List the prime factors of c(t).
2, 353
Let u(t) = 6*t + 10. Let v(h) = h**3 - 14*h**2 - h + 7. Let l be v(14). Let p be u(l). Let j = 77 + p. List the prime factors of j.
3, 5
Suppose 4*x - 8 = 0, 3*i - 8*x = -7*x - 20. List the prime factors of i/(-7)*(-8036)/(-123).
2, 7
Let o(r) = r - 2. Suppose 5*f - 15 = -5*t + 7*t, -17 = -2*f + 3*t. Let x(n) = 172*n - 20. Let y(v) = f*x(v) - 8*o(v). List the prime factors of y(1).
2, 5
Let y = 31 + -9. Suppose -5*u = -37 + y. Suppose -u*i + 184 = 4*q + i, -4*q + 192 = -4*i. List the prime factors of q.
47
Suppose 0 = 2*y - 14 - 92. Suppose y*j - 3970 = 43*j. What are the prime factors of j?
397
Suppose o - 3*o + 2 = 0. Let v be (1 + o)*(-9 - -11). What are the prime factors of v - 141/6*-2?
3, 17
Let n = -1239 - -3880. List the prime factors of n.
19, 139
Let c = 11201 - -7769. What are the prime factors of c?
2, 5, 7, 271
Let k = 5220 - 3617. What are the prime factors of k?
7, 229
Suppose 0 = -2*f + 3*a + 322, 5*a = 5*f - 565 - 240. Suppose 0 = -f*v + 165*v - 3384. List the prime factors of v.
2, 3, 47
Let d(i) = -125*i**2 - 12*i + 30. Let p be d(2). Let q = 555 + p. List the prime factors of q.
61
Let k(v) = -8048*v**3 + 2*v**2 + 24*v + 23. What are the prime factors of k(-1)?
3, 2683
Let q(a) = -3*a**2 + 2. Let s be q(2). What are the prime factors of ((-752)/s)/(12/630*7)?
2, 3, 47
Let h(z) = -z**2 - 4*z + 4. Let f be h(-4). Suppose -s = f*s + 430. Let g = -71 - s. What are the prime factors of g?
3, 5
Suppose 0 = -54*p + 157125 + 218823. List the prime factors of p.
2, 59
What are the prime factors of (-79492)/(-49) + 4*4/(-56)?
2, 811
Let u(s) = 27*s**2 - 34*s - 15. Suppose -19*g = -k - 17*g + 16, k - 5*g = 28. List the prime factors of u(k).
11, 131
Let h = -865 - -1513. List the prime factors of h.
2, 3
Suppose 0 = 23*o + 3*o - 260. Let j be (-4 + 0)*162/12. Let w = o - j. List the prime factors of w.
2
Let t(f) = 3*f**3 - 7*f**2 - 17*f - 25. Let h be t(9). Suppose -23*q = -9*q - h. What are the prime factors of q?
103
Let h(q) = 453*q**2 + 45*q + 111. What are the prime factors of h(-3)?
3, 7, 193
Let m = 126 - 102. Let v = m + -21. Suppose -4*h = -0*h + v*z - 323, 401 = 5*h + z. List the prime factors of h.
2, 5
Let w(s) = -19*s - 133. Let m be w(-7). Suppose a - o - 154 = m, 5*a - 5*o + 2*o - 770 = 0. What are the prime factors of a?
2, 7, 11
Let k(n) = -7*n - 256. Let h be k(-36). List the prime factors of 0 - ((-24)/h - 1122).
2, 3, 31
Let d be (-1 - 0) + (-7 - 10852). Let b be d/(-96) - 1/8. Let n = -43 + b. What are the prime factors of n?
2, 5, 7
Suppose -345*m = -307*m + 183897 - 1807485. What are the prime factors of m?
2, 3, 7121
List the prime factors of (-12)/14 - (23202/(-21) + -11).
5, 223
Suppose -3*g - 258790 = -5*t - 0*g, -4*g + 103516 = 2*t. List the prime factors of t.
2, 7, 3697
Let u be 13/((-26)/4) + 10. Let d(z) = -2*z + 58. What are the prime factors of d(u)?
2, 3, 7
Let a = 85 + -83. Suppose -2002 = -a*d - 4*b, -4*d - 2*b + 478 = -3532. What are the prime factors of d?
17, 59
Let d be (-2)/(-4)*(-14)/(-7) - 6. Let a(f) = -2*f**3 + f**2 - 3*f + 9. List the prime factors of a(d).
13, 23
Let c(l) = l**3 + 16*l**2 - 17*l + 11. Let j be c(-17). Suppose -3480 = -j*k + k. Let u = k + -233. What are the prime factors of u?
5, 23
What are the prime factors of ((-2506)/1432)/(1/(-37808)*2)?
2, 7, 17, 139
List the prime factors of 226509*(-2184)/(-3640)*((-20)/18)/(-2).
75503
Suppose 3*d = 12, -2*p + 59736 + 5682 = -2*d. List the prime factors of p.
32713
Suppose 12 + 0 = -6*d. Let h be (d/3 - (-1)/(-3)) + 14. Suppose -8*x + h*x = 770. List the prime factors of x.
2, 7, 11
Suppose 4*g = 2*g. Suppose 2*m = 3*b - 5 + 57, -4*m - b = -104. Suppose 21*v - m*v + 130 = g. List the prime factors of v.
2, 13
Suppose -3*i + 445 = 2*u, 3*i = -2*i - 3*u + 741. Let y = i + -96. What are the prime factors of y?
3, 17
Let p = 521 - 221. Suppose 3*k = -0*k - 2*j - 225, 2*j - p = 4*k. Let h = k - -172. List the prime factors of h.
97
Let j(v) = 9*v**3 + 5*v + 2. Let u be j(-2). Let c be u/(-3)*(-3)/2. Let h = -27 - c. List the prime factors of h.
13
Let v = -2 - -12. Suppose -30*z - 316 = 284. What are the prime factors of 4 + ((-24)/z)/(2/v)?
2, 5
Let u = 11686 + -1551. List the prime factors of u.
5, 2027
Suppose -5 = -5*t, 2105 - 60 = 3*s - t. Let l = s + 364. List the prime factors of l.
2, 523
Suppose -3*c - 8 = -4*c. Suppose 353*g - 35 = 348*g. Suppose g*n - c*n + 98 = 0. What are the prime factors of n?
2, 7
Let k(u) = -3 + 0 + u**3 + 0*u**3 + 6*u + 11*u**2. Let g be 48/30*325/(-52). What are the prime factors of k(g)?
37
Let p = 183 - 178. Suppose -l = l, t - p*l = 360. List the prime factors of t.
2, 3, 5
Let j(z) = z - 4*z**3 - 6*z - 4 + 3 + 3*z. Let g be j(-1). Suppose -g*s + 9*s = 116. What are the prime factors of s?
29
Let p = 772 - 349. Suppose 2*k + 3*k = f + p, 2*k - 165 = -f. What are the prime factors of k?
2, 3, 7
Let o = 10056 + -6641. List the prime factors of o.
5, 683
Let u(d) = -d**2 - 17. Suppose 4*m + 19 = -5*i - 18, 61 = -4*m + 3*i. Let a be u(m). Let w = -101 - a. List the prime factors of w.
5, 17
Let h = 249 + -246. Suppose -3*a = -a - 1200. Suppose -b - h*o + 108 = 0, -5*b - 4*o = -o - a. What are the prime factors of b?
3, 41
Let j(q) = -1282*q - 31. Let i be j(-1). Suppose -4*c + i = -3*f, -c + 4*f - 289 = -2*c. List the prime factors of c.
3, 103
Let m be (-1098)/(-162) - 4/(-18). Suppose 0 = m*o - 21. List the prime factors of 376/12 + (-4)/o.
2, 3, 5
Suppose 15*p - 10680 = 14*p + 4*j, -3*p + j + 32084 = 0. List the prime factors of p.
2, 7, 191
Let m(a) = -3*a + 1308 - 510 - 638. List the prime factors of m(9).
7, 19
Let f(p) = -65*p + 315. List the prime factors of f(-86).
5, 1181
Let b be (-3404)/(-230) - (-6)/20*18/27. Suppose 4*d = 95 - 27. Suppose 330 = -b*m + d*m. List the prime factors of m.
3, 5, 11
Suppose j - 8*c + 11*c - 2659 = 0, 2 = -c. What are the prime factors of j?
5, 13, 41
Suppose 0*j + 132 = 6*j. Suppose 4*c - 4 + j = 2*o, 4*c + 3 = -o. What are the prime factors of c/4*1044/(-6)?
3, 29
Suppose 0 = 3*b - c - 30521, -50887 = 23*b - 28*b - 3*c. What are the prime factors of b?
5, 11, 37
Let h = -1132 + 1252. Suppose -5*g - j = -105 + 307, 2*g + 72 = 4*j. Let w = h + g. List the prime factors of w.
2, 5
Let m(o) = o**2 + 23*o + 46. Let f be m(-21). Suppose u + 0*u = f. Suppose -u*g = -8*g + 372. What are the prime factors of g?
3, 31
Let i(s) = s**3 - 8*s**2 + 5*s + 17. Let c = 73 + -66. Let j be i(c). Suppose -2*a + j*q + 131 = 0, 3*a - q = -16 + 230. What are the prime factors of a?
73
Suppose b = 2*v + 7, 0 = 28*b - 30*b + 5*v + 14. List the prime factors of ((-84)/b)/(-6)*29*13.
2, 13, 29
Let d(a) = -5*a**2 + 7*a + 11. Let c(t) = 8*t**2 - 14*t - 23. Let b(u) = -4*c(u) - 7*d(u). What are the prime factors of b(12)?
3, 59
Let s(v) be the third derivative of -v**4/24 + 11*v**3/6 - 5*v**2. Let c be s(10). List the prime factors of 80 + c + (3 - 3).
3
Let s(z) = 11*z + 46. Let o(t) = 23*t + 93. Let i(w) = -6*o(w) + 13*s(w). List the prime factors of i(11).
5, 19
List the prime factors of ((-59)/(-118))/((-3)/(-363672)).
2, 3, 5051
Let n = -73 - -84. Suppose 0 = -n*u + 266 - 1179. Let w = 132 + u. What are the prime factors of w?
7
Let m(x) = -460*x - 1. Let h = -201 - -199. List the prime factors of m(h).
919
Let f(i) = i**2 - 9*i + 23. Let n be f(6). Suppose 220 = 3*l + n*h, 4*l + 6*h - 285 = h. Let r = l + -24. List the prime factors of r.
41
Supp